the prime factors of n?
3
Suppose 0 = 3*m + g + 4*g - 92, 5*m + g = 190. List the prime factors of m.
3, 13
Let h(y) = -y**3 - y**2 + y + 3. Let z be h(0). Suppose 1 = -4*r + z*r. Let m(s) = 7*s**2. What are the prime factors of m(r)?
7
Suppose 0 = z + 5, 4*u + z = -3*z - 20. Suppose u = -y + 4*y. What are the prime factors of 6 - (-2)/4*y?
2, 3
Suppose 6*f + 5 = -1. List the prime factors of (-1092)/(-14) - (5 + f - 1).
3, 5
Let q(y) = 187*y**2 - 36*y + 75. List the prime factors of q(2).
751
Let q(k) = -k**2 - 41*k - 188. What are the prime factors of q(-10)?
2, 61
Suppose 583 = 8*m - 11201. What are the prime factors of m?
3, 491
Let y = 321 + 172. List the prime factors of y.
17, 29
What are the prime factors of -17716*(2/(-8))/(6/6)?
43, 103
Suppose -2*l + 122 = l + 2*q, 0 = -l + 3*q + 26. Let d be -24 + (-1)/(0 - 1). Let c = d + l. List the prime factors of c.
3, 5
Let l = 43 - 40. Suppose 4 = -a, -2*h + l*h + 4*a = 42. What are the prime factors of h?
2, 29
Suppose -9*l = -4*l - 40. Let s(q) = -q**2 + 18*q + 14. List the prime factors of s(l).
2, 47
Let w(o) = o**2 - 9*o - 7. Let z be w(10). Suppose z - 7 = 3*c - 4*k, 3*c = 3*k. Let u = 9 - c. List the prime factors of u.
5
Let f(u) = u**3 + 5*u**2 - u - 2. Let z be f(-5). Suppose -z = -n + 31. Let s = n + -17. What are the prime factors of s?
17
Let p(s) = 14*s + 4. Let a(b) = -b**3 + 2*b**2 + 4*b - 1. Let i be a(3). What are the prime factors of p(i)?
2
Let f(p) be the third derivative of p**5/60 - p**4/12 - 2*p**3/3 - 5*p**2. Let j be f(3). What are the prime factors of 1/(j/1) + 19?
2, 3
Let q(i) = i**3 + 4*i**2 - i - 2. Let r(w) = -2*w**2 - w + 2. Let n be r(-2). Let o be q(n). Let b(p) = 9*p**2 - 4*p + 5. List the prime factors of b(o).
3, 11
Let m(k) = 2*k**2 - 30*k - 289. What are the prime factors of m(-32)?
2719
Let j be 8 - 2*(2 - 1). Suppose j*p - 436 = 2*p. List the prime factors of p.
109
Let u be 34/(-51)*102/(-4). Let o = u - -38. List the prime factors of o.
5, 11
Let s(t) = -t**2 - 4*t - 2. Suppose 0 = -3*f + 6. Suppose 6*h - c = f*h - 9, 3*h + 4 = -2*c. What are the prime factors of s(h)?
2
Suppose 4*f + 2 = -4*q - 18, 3*f + 2*q + 16 = 0. Let t = f - -8. Suppose -7*z + k + 341 = -t*z, 5*k - 335 = -5*z. List the prime factors of z.
2, 17
Suppose 2*r = 4*n + 14, r - 4*r + n + 11 = 0. Suppose r*u = 5 + 1. Suppose 5*i = -u*o - 6 + 25, 7 = i + 2*o. List the prime factors of i.
3
Suppose 5*q = 4*o + 3715, 2*q - 11*o = -12*o + 1486. List the prime factors of q.
743
Suppose 5*h = -s + 27, 0*s + 5*s + h = 15. Let a(i) = -2*i**2 + 3 + 7*i**s - 5 + 0*i - 2*i. What are the prime factors of a(-3)?
7
Suppose -i + 29 = -3*r, 2*i - 129 = -2*i - r. What are the prime factors of i?
2
Suppose 5*i - 41 = 34. What are the prime factors of (44/(-6))/((-5)/i)?
2, 11
Suppose 4*y + 4 = -0*y - k, 4*y - 8 = -4*k. Let p be y/1 + (1 - -1). Suppose z - 21 = -p*z. List the prime factors of z.
3, 7
Let c be 4/18 - 43/(-9). Let z be 42/44*4 + 2/11. Suppose 2*m - 10 = 4*l, 0 = m + z*m - c*l - 50. What are the prime factors of m?
3, 5
Let w(a) = 339*a**2 + 2*a - 1. What are the prime factors of w(1)?
2, 5, 17
Let b = 3 + 6. Let q = b - 6. Suppose 0 = -p - s + 30, 2*p - q*s = s + 66. List the prime factors of p.
31
Suppose -4*h + 16 = 0, 0 = 5*y + h + 4*h + 15. Let p(k) = k + 9. Let w be p(y). Suppose -w = -2*n - q, -7 = 4*q + 1. What are the prime factors of n?
2
Let c(r) = -r**2 + 4. Let s(d) = 2. Let z(v) = -2*c(v) + 5*s(v). List the prime factors of z(-5).
2, 13
Let l = 54 - 51. Suppose -5*a = -l*g - 144, -4*a + g = 4*g - 99. What are the prime factors of a?
3
Let j(a) be the first derivative of a**3/3 + 5*a**2 - 8*a + 3. Let u be j(-11). Suppose 20 = u*q + q. List the prime factors of q.
5
Let p(j) = 8*j**3 + 4*j**2 - 8*j + 4. Let k be p(3). Suppose -5*w = -7*w + k. List the prime factors of w.
2, 29
Let h be (-2)/(2/(-1579)) + 2*-2. Suppose -s = -10*s + h. What are the prime factors of s?
5, 7
Let r(b) = 19*b**3 + 3*b**2 - 2*b. List the prime factors of r(1).
2, 5
What are the prime factors of -5 - (-30)/3*(-31)/(-2)?
2, 3, 5
Let h = 772 + 1224. What are the prime factors of h?
2, 499
Suppose 3*v + 3*l - 8*l = 5742, -5*v - l = -9570. What are the prime factors of v?
2, 3, 11, 29
Let c = 144 - 68. Suppose 3*t = 7*t - c. List the prime factors of t.
19
List the prime factors of ((-178)/4)/((-5)/10).
89
Let w be ((-21)/5)/(2/30). Let f = w + 120. What are the prime factors of f?
3, 19
Let c(k) = 2*k**3 - 11*k**2 - 216*k + 3. List the prime factors of c(19).
2, 3, 941
Suppose 2*l - 685 + 173 = 0. Suppose 5*g + 2*k = 2*g + 408, 2*g - l = 4*k. What are the prime factors of g?
2, 67
Let a be 2*(-1)/(-2) + 3. Let z be 109/a + (-3)/12. Let v = z + 13. List the prime factors of v.
2, 5
Let j = -33 - -35. What are the prime factors of 28/12*(-2)/(j/(-45))?
3, 5, 7
Let m = 15 - 10. Suppose w = -m*d + 6, -2*d - d = -2*w + 12. Let r = 8 + w. List the prime factors of r.
2, 7
List the prime factors of (2 + 297/2)*72/21.
2, 3, 43
Let u be 4/6 - (-43)/3. Let h(m) = m**3 + 7*m**2 + m - 5. Let v be h(-6). Let a = v - u. What are the prime factors of a?
2, 5
Let u(f) = -9*f - 13. Let i be 2/(-4)*(13 + -3). List the prime factors of u(i).
2
Suppose 8 = -4*k - 5*l, -2*l - 3 = 3*k - 4. Suppose -k*o = 2*u - 27, -5*o + 2*u + 15 + 30 = 0. List the prime factors of 2/(-6) + 291/o.
2
Let b(c) = 19*c + 30. What are the prime factors of b(20)?
2, 5, 41
Suppose 6*t - 2*t = -180. Let f = -31 - t. What are the prime factors of ((-24)/(-14))/(f/147)?
2, 3
Suppose 6*t = -2*t + 5504. List the prime factors of 1/(-1 + (t/340)/2).
5, 17
Suppose -33 = -9*r + 354. List the prime factors of r.
43
Suppose -44*j + 20331 = -17*j. What are the prime factors of j?
3, 251
Suppose -3*m = -101 + 374. Let y = m - -164. What are the prime factors of y?
73
Let l(s) be the first derivative of 3*s**2/2 + 23*s - 23. List the prime factors of l(16).
71
Let m be (-1 + 2 - -1)*1. Suppose w - 2*g = 5*w - 180, -w = -m*g - 55. List the prime factors of w.
47
Let b(u) = -2*u**2 + 2*u + 7. Let o(s) = -s. Let p(k) = -b(k) - 4*o(k). What are the prime factors of p(5)?
53
Suppose 3*c + 7*c - 5140 = 0. What are the prime factors of c?
2, 257
Let d = -163 - -350. List the prime factors of d.
11, 17
Let u(j) = -9*j - 14. Let l be u(-14). Suppose 0 = 3*x - 5*w - 168, x + 5*w = -x + l. Suppose m + 4*k = 3, -k - x = -4*m - 6*k. What are the prime factors of m?
19
Suppose -81 = -2*z + 77. List the prime factors of z.
79
Let y = 69 + -73. Let f(w) = w + 1 - 4*w + 2*w. List the prime factors of f(y).
5
Let v be 6/30 - (-92)/(-10). Let b(f) = 2*f**2 + 12*f + 2. What are the prime factors of b(v)?
2, 7
Let i = 23 + -23. Let a be (i/2)/(-4)*-1. Suppose 4*z + a*g - 175 = -3*g, 2*z + g = 87. What are the prime factors of z?
43
Suppose 269*n + 744 = 275*n. List the prime factors of n.
2, 31
Let n(c) = -2*c**2 - 13*c - 1. Let r(x) = 3*x**2 + 13*x. Let d(a) = 4*n(a) + 3*r(a). Let j be d(14). Suppose -6*m - 108 = -j*m. List the prime factors of m.
3
Let t = -17 - -14. Let w = t - -11. Let z = 8 + w. List the prime factors of z.
2
Suppose -2 = c, -466 = 2*m - 3*m + 3*c. What are the prime factors of m?
2, 5, 23
Let t(k) = 45*k. Let a(f) = -1665*f. Let y(l) = -2*a(l) - 75*t(l). Let j be y(-1). Suppose 3*z - j = 5*c + 39, -5*z = -4*c - 140. List the prime factors of z.
2, 7
Let s be 99 + 9 + 4/(-2). Suppose 4*q - 5*m = s + 27, -3*q + 3*m + 99 = 0. Suppose 4*b = 5*n + 160, -n - q - 189 = -5*b. List the prime factors of b.
3, 5
Let m(h) = -4 + 2*h + 39*h**3 - 29*h**3 - h. What are the prime factors of m(2)?
2, 3, 13
Let l(c) = -c**3 - 38*c**2 + 17*c + 79. What are the prime factors of l(-39)?
937
Suppose 0*w = 2*c + 5*w - 384, 0 = c + w - 186. Let v = -79 + c. What are the prime factors of v?
103
Let o(l) = 2*l**2 + 3*l + 1. Let b be o(-2). Suppose -5*z + b*m + 240 = -15, -z - 3*m + 51 = 0. List the prime factors of z.
3, 17
Suppose 3*c + 3*t = 348, 267 = 2*c - 6*t + t. What are the prime factors of c?
11
Suppose -2*p = -2*n + 4232, 4*n + 5*p + 3852 = 12298. What are the prime factors of n?
2, 7, 151
Suppose 10*s - 4481 = -211. What are the prime factors of s?
7, 61
Let z(w) = -w**2 + 6*w + 6. Suppose y - p = 2, 2*y + 4 = -0*y - 2*p. Suppose y*l - 30 = -5*l. What are the prime fa